et h(x) = 882*x**2 - 5*x - 15. Let m be h(-4). Suppose 0 = 3*o + 16*o - m. What are the prime factors of o?
743
Suppose 144*f - 143*f - 12558 = -5*w, 2*f - 12561 = -5*w. What are the prime factors of w?
3, 31
Let o(j) = -j**3 + 2*j**2 + 2. Suppose -7*i = -4*i - 6. Let u be o(i). Suppose u*m - 3*m = -115. List the prime factors of m.
5, 23
Let z = 156164 + -71566. List the prime factors of z.
2, 42299
List the prime factors of 44/33*3*530.
2, 5, 53
Suppose 0 = -18*v + 23*v + 40, 4*v = h - 24068. List the prime factors of h.
2, 3, 2003
What are the prime factors of 3/((-6)/8) + (-33 - -31905 - 10)?
2, 17, 937
Let r(l) = 162*l - 34. Let a be (2 - -2)*1 - 0. What are the prime factors of r(a)?
2, 307
Let c be (-122 - 10)*7/(-4). Let o = c + -220. List the prime factors of o.
11
Let r(c) = 6*c**3 - c**2 - 4. Let d = -72 - -74. Let l be r(d). Let o = l + -13. List the prime factors of o.
3
Let f(g) = -120*g + 426. List the prime factors of f(-34).
2, 3, 751
Let x = 9323 - -5303. What are the prime factors of x?
2, 71, 103
Let f = -100 - -109. Suppose 2*t - 1197 = f*t. Let q = -86 - t. List the prime factors of q.
5, 17
Suppose -u = -4*d + 13, 5*u - 5*d + 101 = -3*d. Suppose -4*b + 108 = -3*b. Let s = b + u. List the prime factors of s.
3, 29
Suppose -2*b = 2*b - 64. Suppose b = 4*r + 5*k, k = -3*r + 8*r - 20. Let v(s) = 2*s**3 + 5*s**2 - 6*s + 5. List the prime factors of v(r).
3, 7
Let v(s) = -s**2 - 9*s + 38. Suppose l - 61 = 5*h + 2, 4*h + 57 = 3*l. Let t be v(h). Suppose t*n - 282 = 4*g, -4*g = n - 59 - 94. List the prime factors of n.
5, 29
Suppose -3*b - 2*k = -37, 0 + 12 = 3*b - 3*k. Suppose b*m - 70 = 7*m. Let t = m - -6. List the prime factors of t.
41
Let s be (-9 - -74)*(-14)/5. Let i = s + 323. Suppose 0 = 3*j - i + 15. What are the prime factors of j?
2, 3, 7
Let a = -373 - -2654. List the prime factors of a.
2281
Suppose 257*l = 62*l + 167050 + 276380. What are the prime factors of l?
2, 3, 379
Let i be 13/((-4)/24*1). Let d = i - -85. Suppose 569 = d*j - 768. List the prime factors of j.
191
Suppose -11 = 9*t - 8*t. Let a be -1*t/((-11)/6). What are the prime factors of 16 - (a - 16/(-4))?
2, 3
Let v(u) = -91*u**3 + 33*u**2 + 106*u - 4. What are the prime factors of v(-3)?
2, 19
Let s = 59952 + -31632. List the prime factors of s.
2, 3, 5, 59
Let d = 312 + -148. Let y = d - 42. Suppose -y = -t - 0*q - q, 3 = -q. What are the prime factors of t?
5
Let d(r) = 5*r + 20. Let o(k) = -k**3 + 9*k**2 + 12*k - 13. Let q be o(10). Suppose t - 19 = q*n - 2*n, 2*t = -n + 16. List the prime factors of d(t).
5, 13
Let n = -53902 - -147378. What are the prime factors of n?
2, 23369
Let k = 9 + 77. Let h = 108 - k. List the prime factors of h.
2, 11
Suppose -37*r + 2678635 - 1005372 = 16*r. List the prime factors of r.
131, 241
Let z(j) = 210*j - 2. Let m be -5 + 7 + 1/(-5 + 4). List the prime factors of z(m).
2, 13
Let t(a) = a**2 - 31*a + 86. Let c be t(28). Suppose -c*x + 741 = -855. What are the prime factors of x?
2, 3, 7, 19
Let w = -420 - -4444. What are the prime factors of w?
2, 503
Let r(t) = t**2 - 2*t + 9. Let i be r(-7). Let o = -122 + i. Let q = 66 + o. List the prime factors of q.
2
Suppose -7*w + 0*w - 35 = 0. Let r(b) = -2*b + 1. Let v be r(w). What are the prime factors of 1289/v + (-8)/44?
3, 13
Let a = 1308 + 306. Suppose -3*j - a = -l, 0*l = 3*l + 4*j - 4777. What are the prime factors of l?
3, 13, 41
Let a be ((-2)/(14/(-5)))/((-2)/(-14)). Suppose -a*y = j - 143 + 4, -j - 3*y + 133 = 0. List the prime factors of j.
2, 31
Suppose -24*y + 2220 = -30*y. Let c = y + 733. What are the prime factors of c?
3, 11
Let y(q) be the first derivative of 3*q**4 + q**3 + 7*q**2 - 15*q - 280. What are the prime factors of y(5)?
2, 5, 163
Suppose -5*u - 29 = 2*h - 0*h, 5*u = -25. Let d = -743 + 836. Let i = d + h. What are the prime factors of i?
7, 13
Let q(s) = s**2 - 20*s + 96. Let x be q(7). Suppose w - m = 260, -x*w + 0*m - m + 1288 = 0. List the prime factors of w.
2, 3, 43
List the prime factors of (-1336930)/(-105) - 5 - (-4)/(-6).
11, 13, 89
Suppose -12*f = -8*f + 8, -2*k - 4*f = -6726. What are the prime factors of k?
7, 13, 37
Suppose 1865 = 23*l - 3887 - 15040. List the prime factors of l.
2, 113
Let l(a) = 9*a**2 + 15*a**3 - 21*a**3 + 6 - 57*a + 70*a. List the prime factors of l(-5).
2, 229
Let s(q) = -q**2 + 8*q - 4. Suppose 3*b = -14 + 35. Let o be s(b). Suppose -4*h + 5*i = -265, o*h + 3*i - 289 = -h. What are the prime factors of h?
2, 5, 7
Suppose -5*j + 7 = 3*s, -4*s + 16 + 16 = j. Suppose s*q = q + 2712. What are the prime factors of q?
3, 113
Suppose -786*n = -775*n - 351021. What are the prime factors of n?
3, 11, 967
Let f = -2037 + 8599. List the prime factors of f.
2, 17, 193
Let j = -12 - -4. Let w be j/((-735)/243 - -3). Suppose -3*q = -12*q + w. What are the prime factors of q?
2, 3
Let t = -21858 + 42432. List the prime factors of t.
2, 3, 127
Let i(f) = 3*f**3 - 2*f**2 + 5*f + 1. Let h(p) = 4*p**3 - 3*p**2 + 6*p + 1. Let o(t) = 4*h(t) - 5*i(t). Let x be o(2). List the prime factors of 1274/13 + x/1.
5, 19
Let v(h) = 4*h**2 - 5*h + 2. Let k be v(6). Let j = 356 + -192. Suppose -k = -3*n - 4*u, -n + 4*u + j = 3*n. List the prime factors of n.
2, 5
Suppose 7*i + 5 - 33 = 0. Suppose -i*t = -9*t + 5910. What are the prime factors of t?
2, 3, 197
Suppose 1321560 = 338*a - 302*a. List the prime factors of a.
2, 5, 3671
Let k(r) be the first derivative of -r**4/4 - 7*r**3/3 - 6*r**2 + 9*r - 19. What are the prime factors of k(-11)?
5
Let p(n) = 76*n + 184. Let r be p(7). Let k = r - 360. List the prime factors of k.
2, 89
Let y be -2*(-2)/12 + 640/96. Suppose j - 5*m = 432, y*j + m = 3*j + 1728. What are the prime factors of j?
2, 3
Suppose -2051725 = -103*w - 6*w + 1642721. What are the prime factors of w?
2, 3, 7, 269
Suppose 0 = -2*c + 52 - 1472. What are the prime factors of (c/20)/((-4)/48)?
2, 3, 71
Suppose -276753 = -15*o - 101748. List the prime factors of o.
3, 3889
Let t be 3/(24/(-446)) + 22/(-88). What are the prime factors of 702 - ((-3)/(-8) + (-259)/t)?
17, 41
Suppose -33*l + 32*l + 4*k + 160 = 0, 2*l = 5*k + 308. Suppose l*y + 90 = 149*y. List the prime factors of y.
2, 3
Suppose -4*y + 62 = g, g + 3 - 1 = 0. Suppose 1164 = y*a - 4*a. List the prime factors of a.
97
Let y(x) = 7*x + 26. Suppose 5*v + 10 = 5*l - 25, 0 = 3*l + 6. Let m be y(v). Let r = -13 - m. List the prime factors of r.
2, 3
Let i = -12136 + 37952. List the prime factors of i.
2, 7, 461
Let m = 42 + -38. Let o(z) = -3*z + 9. Let g be o(m). Let j(p) = -9*p + 3. What are the prime factors of j(g)?
2, 3, 5
List the prime factors of 6 - 402/66 - (6 + 277500/(-33)).
3, 2801
Suppose 0 = -2*p - i + 5, p + 2*i - 9 = -2*p. List the prime factors of (2/3)/(p*2/432).
2, 3
Let d(j) = -1134*j - 630. List the prime factors of d(-6).
2, 3, 7
Let x(v) = v**2 + 343*v - 37. What are the prime factors of x(108)?
7, 17, 409
Let t be 90/(-12)*320/25. Let i = 900 + t. What are the prime factors of i?
2, 3, 67
List the prime factors of ((-8058986)/(-126) - 74/(-333)) + 84/(-196).
2, 3, 5, 13, 41
Let d(y) = y**3 + 39*y**2 - 21*y + 9. Let r be d(-10). Suppose 0 = -9*u + 5152 + r. List the prime factors of u.
919
Let z(i) = -i**2 + 370. Let m be z(0). Suppose -3*f + m = 2*f. Let o = f - 25. What are the prime factors of o?
7
Suppose -4*m + 36 = -5*q, 5*m + 79*q = 83*q + 36. Suppose m*y - 301 = -j + y, 4*j - 1256 = y. List the prime factors of j.
313
Let p(a) = -1101*a - 1564. List the prime factors of p(-17).
17, 1009
Let d(l) = -11*l + 59. Let k be d(5). Suppose 3*a + 328 = u - 0*a, k*u - 5*a = 1347. What are the prime factors of u?
7
Let n(c) = c**2 - 2*c + 14. Let h = 53 - 57. Let d be n(h). Suppose -22 = -6*a + d. List the prime factors of a.
2, 5
Let j = -317 + 319. Suppose -5*q = 5*s - 540, 5*s = s - j*q + 424. What are the prime factors of s?
2, 13
Let l = -5058 - -10061. What are the prime factors of l?
5003
Suppose -5*b + 22325 = 4*n + n, -5*n + 5*b + 22375 = 0. List the prime factors of n.
2, 3, 5, 149
Let t = 806 + -875. Let h be 4/(-16) - (-414)/(-8). Let p = h - t. List the prime factors of p.
17
Suppose a - 4*i - 11912 = 0, 0 = a + i + 3*i - 11928. List the prime factors of a.
2, 5, 149
Suppose -4*m + p = -5150 - 5703, 10863 = 4*m - 3*p. List the 